 l - f. Is c a composite number?
False
Suppose 2*v = -0*v + 10, 0 = -3*i - 5*v + 40. Suppose 4*p - 526 = -6*s + 4*s, 0 = -i*s + 2*p + 1255. Is s composite?
True
Let x(w) = -w**3 + 15*w**2 - 23*w - 19. Let z be x(13). Is -12*(-5 - 8785/z) composite?
True
Let i = -335 - -320. Is (-6)/i - (-2 + 9566/(-10)) prime?
False
Suppose 11*u = 14*u - 12. Suppose u*x = 3*l - 572 - 8135, 0 = -5*x + 25. Is l prime?
True
Suppose 0 = -324*w + 334*w - 255100. Let o = -10323 + w. Is o prime?
True
Let v(u) = 51*u**2 + 7*u + 144. Let g be v(-12). Suppose 2*w + g = 4*d - 17856, 2*w + 18947 = 3*d. Is d a composite number?
True
Let v(s) be the first derivative of 176*s**3/3 + s**2/2 - 70*s - 145. Is v(7) prime?
False
Suppose 0 = -3*n + 2*b + 228233, -124*n + 129*n = 2*b + 380391. Is n a prime number?
True
Suppose -2018 = i - 2*q, 3 = -4*q - 9. Let c = -81 - i. Is c composite?
True
Let i = 95952 + -47399. Is i a composite number?
True
Suppose 2*n - 84 = -4*p - p, 2*n = 4. Let c(h) = -2*h**3 + 15*h**2 - 10*h + 12. Let b(k) = k**3 - k + 1. Let d(w) = -b(w) - c(w). Is d(p) a prime number?
True
Suppose 6166 = 19*f - 17*f. Suppose 16300 - f = w. Is w prime?
True
Let n(o) be the second derivative of -377*o**5/10 + 5*o**4/12 + 5*o**3/6 - 11*o**2/2 - 50*o - 1. Is n(-5) a composite number?
True
Let v be ((-491)/(-4))/(-2*(-3)/192). Suppose 4*d = 6*m + 5754 + v, d = m + 2418. Is d a prime number?
False
Let m(p) = 410*p**2 - 27*p - 16. Let l(g) = 1230*g**2 - 82*g - 45. Let j(s) = 6*l(s) - 17*m(s). Is j(3) a prime number?
True
Suppose 0 = 11*j + 55822 - 372149. Is j a composite number?
True
Let h(n) = 4*n**3 - 12*n + 7*n + 1 + 7*n**3 + 4*n**2 + 2*n**2 - 2*n**2. Suppose -4*u = v - 12, 0 = -4*u + v - 5*v + 12. Is h(u) composite?
True
Let o be (-2)/(-8) - (-55)/4. Let f(g) = -142*g + 7. Let c(i) = -69*i + 2. Let r(w) = 11*c(w) - 6*f(w). Is r(o) composite?
True
Let l(r) = 1552*r**2 - 461*r - 21. Is l(16) a composite number?
True
Suppose -197835 + 613392 = 27*d. Is d a prime number?
True
Suppose -p + 86722 = g, -173456 = -3*g + g - 5*p. Suppose 43*n - 37*n - g = 0. Is n a composite number?
True
Let a = 55 - 170. Let m = -71 - a. Suppose -4*z = -20, 0 = -3*y - 2*z - m + 1365. Is y composite?
True
Suppose -12*h + 9*h + 1288809 = 6*h. Is h prime?
False
Let u be 1957797/189 - (-2)/7. Suppose 0 = 39*d - 30*d - u. Is d composite?
False
Let b(y) = 97*y + 28. Let u be b(-15). Let l = -726 - u. Is l a composite number?
False
Is 1503*(-6)/(-216)*(2 - -450) a composite number?
True
Suppose 29*p = 25*p - 64. Let u be p/6*3681/(-6). Let q = 3621 - u. Is q a composite number?
True
Let m(y) = 2781*y - 274. Let q be m(-4). Is -3 - q - 6 - -2 a composite number?
True
Let w(s) = -3*s**3 + 8*s**2 + 3*s + 1. Suppose 5*n = b + 239, 2*n + 2*b - 134 + 48 = 0. Let q = n + -53. Is w(q) composite?
False
Suppose -3 = w - 2*w - i, 0 = 2*w - i - 18. Suppose a - 1302 = -l, 3*a = w*a - 4*l - 5216. Is a a composite number?
False
Is (-13)/91 - 25/21 - 18314310/(-90) a prime number?
False
Let d = 43299 + -26012. Is d a composite number?
True
Suppose 29 = 5*w - 4*c, -3*w + 65 = 2*w + 5*c. Is ((-17824)/(-24))/(4/w) a prime number?
False
Let u = 11855 - 7534. Is u a prime number?
False
Let x = 32153 + -14056. Suppose -10*a + 12733 = -x. Is a a composite number?
False
Suppose 4*v - 74170 = -2*f, 133*f - 37064 = -2*v + 135*f. Is v a composite number?
False
Let o be ((-3)/(-48)*8)/(1/(-30238)). Is (-2 - -10)/(-2) - o composite?
True
Let t(x) be the first derivative of 24*x**2 + 53*x + 35. Is t(28) a composite number?
True
Let w = 104 + -100. Suppose -13*b + 45990 = -11*b + x, -w*b + 91976 = x. Is b prime?
True
Is -321*-2307*(426/(-54) - -8) prime?
False
Let l(y) = -y**3 - 4*y**2 - y. Let k be l(-4). Suppose v - k*v = v. Suppose 4*z + 296 - 868 = v. Is z a composite number?
True
Is ((-39)/(-26)*-1)/((-12)/1471256) composite?
False
Let s be 15482*8/24*6. Is (s/(-14))/(333/(-63) - -5) a prime number?
True
Suppose 4*k + 8 = -4*h, -5*k + 3*k + 6 = -3*h. Let b(g) = -1808*g**3 - g**2 + 2*g + 3. Is b(h) a prime number?
False
Suppose -21*y + 6*y + 75 = 0. Suppose 3*f - y*r = 11923 + 6793, 0 = 4*r - 20. Is f a prime number?
True
Suppose -3*r + 2 + 1 = 0, -2*r - 2 = -2*d. Suppose d*j + 4*f - 14586 = 0, -4*j + 16846 = 2*f - 12296. Is j prime?
True
Suppose 8*w + 4 = 4*w, f - 3*w = 14926. Is f prime?
True
Let a = -6 + 12. Suppose -a*o = -4*o + 4*o. Suppose -3*n = 3*k + 2*k - 1952, -k + n + 392 = o. Is k a composite number?
True
Suppose 0*t = 2*t + 4*z + 12, t - z = 9. Suppose -2 = f - 2*s, -4*f + 3*s = -3 - t. Is (87/(-2) + 1)/((-2)/f) prime?
False
Let u = -42 + 45. Let v be 1*u*6395/15. Suppose 2*t - 955 = v. Is t prime?
True
Let z = 920961 + 60412. Is z prime?
True
Suppose -68*u + 67*u = 3. Let b be (3 - (0 + u)) + 15/(-5). Suppose b*p = 140 + 2449. Is p a composite number?
False
Suppose -3793028 = -73*x + 5673. Is x a composite number?
True
Let t = 573429 + -119020. Is t a composite number?
False
Suppose 9*j - 29362 = -82381. Let v = -3940 - j. Is v a composite number?
False
Let w(g) = -g**3 + 14*g**2 + g - 12. Let i be w(13). Suppose 4*k + 1474 = 2*f, f + 2*k = 583 + i. Suppose 3*x = -f + 2242. Is x prime?
True
Suppose q = 5*d - 28688, 2*d - 7720 - 3751 = -q. Is d a composite number?
False
Suppose 5*j + 55 = -r + 2*r, -3 = 3*j. Suppose -r*a + 32790 = -47*a. Let m = a + -7583. Is m composite?
False
Let j(s) be the third derivative of -9*s**4/8 - 10*s**3/3 - 2*s**2 - 10*s. Let h(v) = 4*v + 3. Let k be h(-2). Is j(k) prime?
False
Suppose k = -3*k + 4*b + 28, 5*k - b = 15. Suppose 14119 = 3*y + k*z, 2*y + 5*z - 4504 = 4927. Is y a composite number?
False
Let h = -3974 - -642. Let b = -1183 - h. Is b a prime number?
False
Let v(m) = -161116*m - 949. Is v(-2) prime?
False
Let g(d) = 34*d**2 + 6*d - 3. Let a be -2 + (5 - 1) - (-110)/(-2). Let x = 58 + a. Is g(x) a composite number?
False
Let m = 195 - 194. Is (-1504 - 3)/(0 - (2 - m)) a composite number?
True
Let k = 267584 - -898670. Is k a prime number?
False
Is ((-14669)/4)/(-16 + (-447)/(-28)) prime?
False
Suppose -35*n - 77001 = -292356. Suppose -5*p - n = -12*p. Is p a composite number?
True
Let u = 12020 + -6974. Is u/5 + 16/(-80) prime?
True
Suppose 329601 = 2*k - 5*x, 0 = -5*k - 3*x + 798869 + 25211. Is k prime?
False
Let z(i) = -i**3 + 15*i**2 + 2*i - 32. Let y be z(15). Let g be y - (4 - (-4 + 7))*-27. Suppose -g*j + 2288 = -9*j. Is j composite?
True
Let j(u) = -4*u + 15. Let m be j(3). Let a be (1*(-5 + m))/(-1). Suppose 3*q - 1301 = a*w + 114, -q + 453 = 4*w. Is q composite?
True
Let u be 3/7 - (-8799234)/238. Let m = u - 26321. Is m a prime number?
True
Let z(o) = o**3 + 94*o**2 + 54*o + 257. Is z(-66) prime?
True
Let f(i) = 630*i**2 - 71*i + 69. Is f(8) a composite number?
False
Let s be (-412)/(-8) - (-3)/(-6). Suppose -2*h + h - 21 = 2*d, -5*d - h - s = 0. Is (848/(-8))/(4/d) prime?
False
Is 5/4 - 11/220*-1216555 prime?
False
Let j(r) = 32357*r**2 + 11*r + 7. Is j(3) a prime number?
True
Suppose -42 = -k + n, n - 4 = -0*n. Let x = k + -24. Suppose 2*g - x = 2700. Is g a composite number?
False
Let w = -27673 - -46134. Is w prime?
True
Let d(r) = -16542*r + 811. Is d(-9) composite?
False
Let n(m) = -m**3 + 17*m**2 + 26*m + 3. Is n(-10) a prime number?
False
Suppose 0 = 19*v - 9*v - 20. Suppose -60 = -17*z + v*z. Suppose -z*u + 8002 = -714. Is u a prime number?
True
Suppose -50*f + 14*f + 127856 = -20*f. Is f a prime number?
False
Let k(j) = -j**2 + 15*j - 53. Let h be k(9). Let o(t) = 1719*t - 10. Is o(h) a prime number?
True
Suppose 48*o = 52*o - 28. Suppose -3*i - 2*z = -o*i + 5056, 1254 = i + 2*z. Is (6/4 + -1)*i composite?
False
Let v(f) = -f**3 - 3*f**2 + 6*f + 11. Let s be v(-5). Let o(r) = 11 - 29*r**3 + 2*r**2 - 9*r - 3*r**2 + s*r**3. Is o(5) prime?
True
Let s(n) = -67*n**3 + 14*n - 11. Let f be s(5). Let x = -5207 - f. Is x composite?
False
Let k(w) = -6*w. Let g be k(-1). Suppose -6 - g = -4*j. Is (-2 - -1)*(-3592 - j) a prime number?
False
Suppose -34*b = -14*b + 13*b - 4730187. Is b composite?
True
Suppose 43*h - 45*h + 239088 = -64334. Is h composite?
True
Let u(g) = 285*g - 47. Let l be u(6). Suppose -3*r + l = -1040. Is r a prime number?
False
Let d = 1588 - 345. Let w(s) = s**2 - 18*s + 194. Let c be w(30). Let y = d - c. Is y a prime number?
False
Let a 